{"id":118,"date":"2011-10-28T18:47:06","date_gmt":"2011-10-28T18:47:06","guid":{"rendered":"http:\/\/www.terapiehajduk.cz\/?page_id=118"},"modified":"2023-01-31T19:02:00","modified_gmt":"2023-01-31T19:02:00","slug":"sluzby","status":"publish","type":"page","link":"https:\/\/www.terapiehajduk.cz\/?page_id=118","title":{"rendered":"Slu\u017eby"},"content":{"rendered":"<p><strong><a href=\"https:\/\/www.terapiehajduk.cz\/?attachment_id=269\" rel=\"attachment wp-att-269\"><img decoding=\"async\" loading=\"lazy\" class=\"alignleft size-medium wp-image-269\" title=\"Sun Sign Mandala\" src=\"https:\/\/www.terapiehajduk.cz\/wp-content\/uploads\/mandala-horoskopalna-298x300.jpg\" alt=\"\" width=\"298\" height=\"300\" srcset=\"https:\/\/www.terapiehajduk.cz\/wp-content\/uploads\/mandala-horoskopalna-298x300.jpg 298w, https:\/\/www.terapiehajduk.cz\/wp-content\/uploads\/mandala-horoskopalna-150x150.jpg 150w, https:\/\/www.terapiehajduk.cz\/wp-content\/uploads\/mandala-horoskopalna-1019x1024.jpg 1019w, https:\/\/www.terapiehajduk.cz\/wp-content\/uploads\/mandala-horoskopalna-100x100.jpg 100w, https:\/\/www.terapiehajduk.cz\/wp-content\/uploads\/mandala-horoskopalna-55x55.jpg 55w, https:\/\/www.terapiehajduk.cz\/wp-content\/uploads\/mandala-horoskopalna-148x149.jpg 148w, https:\/\/www.terapiehajduk.cz\/wp-content\/uploads\/mandala-horoskopalna-179x179.jpg 179w, https:\/\/www.terapiehajduk.cz\/wp-content\/uploads\/mandala-horoskopalna.jpg 1091w\" sizes=\"(max-width: 298px) 100vw, 298px\" \/><\/a>Pro jak\u00e9 typy probl\u00e9m\u016f jsem V\u00e1m k\u00a0dispozici?<\/strong><\/p>\n<ul>\n<li>Vztahov\u00e9 probl\u00e9my v\u00a0partnerstv\u00ed, v\u00a0rodin\u011b<\/li>\n<li>Hlub\u0161\u00ed rodinn\u00e9 probl\u00e9my poch\u00e1zej\u00edc\u00ed z rodinn\u00e9ho syst\u00e9mu<\/li>\n<li>Pot\u00ed\u017ee se sebeobrazem (sebehodnocen\u00ed, sebep\u0159ijet\u00ed, sebed\u016fv\u011bra)<\/li>\n<li>Nejr\u016fzn\u011bj\u0161\u00ed formy \u00fazkostn\u00fdch obt\u00ed\u017e\u00ed (fobie, panika)<\/li>\n<li>Depresivn\u00ed pot\u00ed\u017ee (tzv. \u201edepky\u201c, ale i z\u00e1va\u017en\u00e9 formy poruch n\u00e1lady jako jsou hlub\u0161\u00ed formy deprese, nebo maniodeprese, v\u017edy ale ve spolupr\u00e1ci s\u00a0psychiatrem)<\/li>\n<li>Posttraumatick\u00e9 stavy a pot\u00ed\u017ee (akutn\u00ed i vlekl\u00e9; autonehody, zn\u00e1siln\u011bn\u00ed, dlouhodob\u00e9 pobyty v\u00a0nemocnici, psychick\u00e9 a sexu\u00e1ln\u00ed zneu\u017e\u00edv\u00e1n\u00ed, dom\u00e1c\u00ed n\u00e1sil\u00ed atd.)<\/li>\n<li>Psychosomatick\u00e9 pot\u00ed\u017ee (ekz\u00e9my, migr\u00e9ny, v\u0159edy, bolestiv\u00e9 stavy a jin\u00e9)<\/li>\n<li>Poruchy p\u0159\u00edjmu potravy (anorexie a bulimie)<\/li>\n<li>Psychotick\u00e9 poruchy (schizofrenie)<\/li>\n<li>Pr\u00e1ce na osobnostn\u00edm r\u016fstu a sebepozn\u00e1n\u00ed<\/li>\n<li>Orientace, doprov\u00e1zen\u00ed a krize spiritu\u00e1ln\u00edho r\u016fstu<\/li>\n<\/ul>\n<p><strong>Nab\u00edz\u00edm:<\/strong><\/p>\n<ul>\n<li>Individu\u00e1ln\u00ed psychoterapii a poradenstv\u00ed &#8211; praxe od roku 1999<\/li>\n<li>P\u00e1rovou psychoterapii a poradenstv\u00ed (v\u010detn\u011b mezikultur\u00e1ln\u00edch vztah\u016f) &#8211; praxe od roku 2003<\/li>\n<li>Traumaterapii<\/li>\n<li>Kraniosakraln\u00ed biodynamiku<\/li>\n<li>Bodyterapii (\u010dasto v kombinaci s traumaterapi\u00ed)<\/li>\n<li>Cvi\u010dnou Gestalt terapii (pro IGT)<\/li>\n<li>Rodinn\u00e9 a systemick\u00e9 konstelace (praxe od roku 2003) &#8211; konstelace nab\u00edz\u00edm skupinovou formou v podob\u011b semin\u00e1\u0159\u016f, ale i velice \u00fa\u010dinnou a obl\u00edbenou individu\u00e1ln\u00ed formou v terapeutick\u00e9 praxi<\/li>\n<li>Supervizi se zam\u011b\u0159en\u00edm na Gestalt modalitu<\/li>\n<li>Psychoterapii a poradenstv\u00ed online formou (u vzd\u00e1len\u00fdch klient\u016f)<\/li>\n<li>Psychoterapii nab\u00edz\u00edm v jazyce \u010desk\u00e9m, slovensk\u00e9m a anglick\u00e9m<\/li>\n<\/ul>\n<p>&nbsp;<\/p>\n","protected":false},"excerpt":{"rendered":"<p>Pro jak\u00e9 typy probl\u00e9m\u016f jsem V\u00e1m k\u00a0dispozici? Vztahov\u00e9 probl\u00e9my v\u00a0partnerstv\u00ed, v\u00a0rodin\u011b Hlub\u0161\u00ed rodinn\u00e9 probl\u00e9my poch\u00e1zej\u00edc\u00ed z rodinn\u00e9ho syst\u00e9mu Pot\u00ed\u017ee se sebeobrazem (sebehodnocen\u00ed, sebep\u0159ijet\u00ed, sebed\u016fv\u011bra) Nejr\u016fzn\u011bj\u0161\u00ed formy \u00fazkostn\u00fdch obt\u00ed\u017e\u00ed (fobie, panika) Depresivn\u00ed pot\u00ed\u017ee (tzv. \u201edepky\u201c, ale i z\u00e1va\u017en\u00e9 formy poruch n\u00e1lady jako jsou hlub\u0161\u00ed formy deprese, nebo maniodeprese, v\u017edy ale ve spolupr\u00e1ci s\u00a0psychiatrem) Posttraumatick\u00e9 stavy a [&hellip;]<\/p>\n","protected":false},"author":2,"featured_media":0,"parent":0,"menu_order":0,"comment_status":"closed","ping_status":"closed","template":"","meta":[],"_links":{"self":[{"href":"https:\/\/www.terapiehajduk.cz\/index.php?rest_route=\/wp\/v2\/pages\/118"}],"collection":[{"href":"https:\/\/www.terapiehajduk.cz\/index.php?rest_route=\/wp\/v2\/pages"}],"about":[{"href":"https:\/\/www.terapiehajduk.cz\/index.php?rest_route=\/wp\/v2\/types\/page"}],"author":[{"embeddable":true,"href":"https:\/\/www.terapiehajduk.cz\/index.php?rest_route=\/wp\/v2\/users\/2"}],"replies":[{"embeddable":true,"href":"https:\/\/www.terapiehajduk.cz\/index.php?rest_route=%2Fwp%2Fv2%2Fcomments&post=118"}],"version-history":[{"count":34,"href":"https:\/\/www.terapiehajduk.cz\/index.php?rest_route=\/wp\/v2\/pages\/118\/revisions"}],"predecessor-version":[{"id":611,"href":"https:\/\/www.terapiehajduk.cz\/index.php?rest_route=\/wp\/v2\/pages\/118\/revisions\/611"}],"wp:attachment":[{"href":"https:\/\/www.terapiehajduk.cz\/index.php?rest_route=%2Fwp%2Fv2%2Fmedia&parent=118"}],"curies":[{"name":"wp","href":"https:\/\/api.w.org\/{rel}","templated":true}]}}