{"id":16,"date":"2011-10-26T23:50:15","date_gmt":"2011-10-26T23:50:15","guid":{"rendered":"http:\/\/www.terapiehajduk.cz\/?page_id=16"},"modified":"2026-04-06T10:11:35","modified_gmt":"2026-04-06T10:11:35","slug":"kontakt","status":"publish","type":"page","link":"https:\/\/www.terapiehajduk.cz\/?page_id=16","title":{"rendered":"Kontakt"},"content":{"rendered":"<p>Adresa: Pod Kaval\u00edrkou 296\/12, Praha 5 (na bar\u00e1ku je cedulka Psychologick\u00e1 praxe, velk\u00fd \u0161ed\u00fd zvonek se stejn\u00fdm n\u00e1pisem\/Hajduk )<\/p>\n<p style=\"text-align: left;\">Tram 9, 10, 15, 16 \u2013 zast\u00e1vka Kaval\u00edrka, jen 4 zast\u00e1vky od And\u011bla, v tich\u00e9m a klidn\u00e9m prost\u0159ed\u00ed naproti parku Kaval\u00edrka<\/p>\n<p>Parkov\u00e1n\u00ed na vymezen\u00fdch m\u00edstech s parkovac\u00edmi automaty p\u0159\u00edmo na ulici Pod Kaval\u00edrkou, bezbari\u00e9rov\u00fd vstup<\/p>\n<p>Mobil: +420\u00a0777 659 405<\/p>\n<p>E-mail: <a href=\"hajdukmiroslav2@gmail.com\">hajdukmiroslav2@gmail.com<\/a><\/p>\n<p><strong>Moje kapacita pro nov\u00e9 klienty je dlouhodob\u011b napln\u011bna, tud\u00ed\u017e aktu\u00e1ln\u011b nov\u00e9 klienty p\u0159ij\u00edm\u00e1m jenom pro jednor\u00e1zov\u00e9 setk\u00e1n\u00ed rodinn\u00fdch konstelac\u00ed. D\u011bkuji za pochopen\u00ed.<\/strong><\/p>\n<p>Nejbli\u017e\u0161\u00ed term\u00edn skupinov\u00fdch konstelac\u00ed bude <strong>v ned\u011bli 3.kv\u011btna 2026 od 9:00 do cca 19:00.<\/strong><\/p>\n<p>Semin\u00e1\u0159e konstelac\u00ed prob\u00edhaj\u00ed v prostorech rehabilita\u010dn\u00edho centra Dayal na ulici Vy\u0161ehradsk\u00e1 1376, Praha 2, Nov\u00e9 M\u011bsto (2.patro).<\/p>\n<p><span style=\"color: #ff6600;\">Krom\u011b osobn\u00edho kontaktu jsem k dispozici i prost\u0159ednictv\u00edm komunika\u010dn\u00edch kan\u00e1l\u016f typu WhatsApp, Signal, Telegram.\u00a0<\/span><\/p>\n<p>Pro \u00favodn\u00ed kontakt pros\u00edm pou\u017e\u00edvejte pouze jeden druh komunikace (bu\u010f mail, nebo telefon), usnadn\u00ed mi to organizaci. <span style=\"text-decoration: underline;\"><span style=\"color: #000000; text-decoration: underline;\">Konkr\u00e9tn\u00ed potvrzen\u00ed \u00favodn\u00edho term\u00ednu ale v\u017edy realizuji pouze telefonickou cestou, proto v p\u0159\u00edpadn\u00e9m emailu v\u017edy zanechte i Va\u0161e mobiln\u00ed \u010d\u00edslo.<\/span><\/span> D\u011bkuji.<\/p>\n<p>Volat nejl\u00e9pe 5 minut p\u0159ed celou hodinou. V p\u0159\u00edpad\u011b, \u017ee se nedovol\u00e1te, zatelefonuji V\u00e1m zp\u011bt. Polo\u017e\u00edm V\u00e1m n\u011bkolik dotaz\u016f ohledn\u011b Va\u0161ich pot\u00ed\u017e\u00ed, abych se kr\u00e1tce zorientoval v\u00a0tom, co bude pro V\u00e1s nejlep\u0161\u00ed.<\/p>\n<div id=\"canvas_ZFYg2s\" class = \"gmsc\" style=\"width:450px; height:450px; float:left; margin:10px;\"><\/div><script type=\"text\/javascript\">\nvar map_points_canvas_ZFYg2s =  new Array();\nmap_points_canvas_ZFYg2s[0] = \n{\"address\":\"Pod Kaval&iacute;rkou 296\/12, 150 00 Prague 5-Ko&scaron;&iacute;\u0159e, Czech Republic\",\n\"lat\":\"50.0693385\",\n\"lng\":\"14.3746621\",\n\"info\":\"<div style='margin:0; padding:0px; height:125px; width:auto; overflow:hidden; font-size:11px; clear:both; line-height:13px;'><div style='float:left; width:200px'><a class='title' href='https:\/\/www.terapiehajduk.cz\/?page_id=16' style='clear:both; display:block; font-size:12px; line-height: 18px; font-weight:bold;'>Kontakt<\/a><div><strong style='font-size:9px'>Pod Kaval&iacute;rkou 296\/12, 150 00 Prague 5-Ko&scaron;&iacute;\u0159e, Czech Republic<\/strong><\/div><div style='font-size:10px'>Adresa: Pod Kaval\u00edrkou 296\/12, Praha 5 (na bar\u00e1ku je cedulka [...]<\/div><a href='https:\/\/www.terapiehajduk.cz\/?page_id=16' style='font-size:11px; float:left; display:block'>more &raquo;<\/a><img src='http:\/\/www.terapiehajduk.cz\/wp-content\/plugins\/google-map-shortcode\/images\/open.jpg' style='float: right; margin-right:5px'\/> <a href='http:\/\/maps.google.com\/?q=Pod+Kaval%26iacute%3Brkou+296%2F12%2C+150+00+Prague+5-Ko%26scaron%3B%26iacute%3B%C5%99e%2C+Czech+Republic' target='_blank' style='font-size:11px; float: right; display:block;'>Open Map<\/a><\/div><div style='float:left'><a title='https:\/\/www.terapiehajduk.cz\/?page_id=16' href='https:\/\/www.terapiehajduk.cz\/?page_id=16'><\/div><\/a><\/div>\",\n\"cat\":\"\",\n\"icon\":\"http:\/\/www.terapiehajduk.cz\/wp-content\/plugins\/google-map-shortcode\/images\/icons\/yoga.png\"};\nvar options_canvas_ZFYg2s = {\n'mapID':'map_canvas_ZFYg2s',\n'zoom':17,\n'markers':map_points_canvas_ZFYg2s,\n'mapContainer':'canvas_ZFYg2s',\n'focusType':'open',\n'type':'ROADMAP',\n'animateMarkers':1,\n'interval':'5000'\n};\nvar map_canvas_ZFYg2s = new gmshc.Map(options_canvas_ZFYg2s);\nvar trigger_canvas_ZFYg2s = function(){map_canvas_ZFYg2s.init()};\ngmshc.addLoadEvent(trigger_canvas_ZFYg2s);\n<\/script>\n\n","protected":false},"excerpt":{"rendered":"<p>Adresa: Pod Kaval\u00edrkou 296\/12, Praha 5 (na bar\u00e1ku je cedulka Psychologick\u00e1 praxe, velk\u00fd \u0161ed\u00fd zvonek se stejn\u00fdm n\u00e1pisem\/Hajduk ) Tram 9, 10, 15, 16 \u2013 zast\u00e1vka Kaval\u00edrka, jen 4 zast\u00e1vky od And\u011bla, v tich\u00e9m a klidn\u00e9m prost\u0159ed\u00ed naproti parku Kaval\u00edrka Parkov\u00e1n\u00ed na vymezen\u00fdch m\u00edstech s parkovac\u00edmi automaty p\u0159\u00edmo na ulici Pod Kaval\u00edrkou, bezbari\u00e9rov\u00fd vstup Mobil: [&hellip;]<\/p>\n","protected":false},"author":1,"featured_media":0,"parent":0,"menu_order":1,"comment_status":"closed","ping_status":"open","template":"","meta":[],"_links":{"self":[{"href":"https:\/\/www.terapiehajduk.cz\/index.php?rest_route=\/wp\/v2\/pages\/16"}],"collection":[{"href":"https:\/\/www.terapiehajduk.cz\/index.php?rest_route=\/wp\/v2\/pages"}],"about":[{"href":"https:\/\/www.terapiehajduk.cz\/index.php?rest_route=\/wp\/v2\/types\/page"}],"author":[{"embeddable":true,"href":"https:\/\/www.terapiehajduk.cz\/index.php?rest_route=\/wp\/v2\/users\/1"}],"replies":[{"embeddable":true,"href":"https:\/\/www.terapiehajduk.cz\/index.php?rest_route=%2Fwp%2Fv2%2Fcomments&post=16"}],"version-history":[{"count":62,"href":"https:\/\/www.terapiehajduk.cz\/index.php?rest_route=\/wp\/v2\/pages\/16\/revisions"}],"predecessor-version":[{"id":907,"href":"https:\/\/www.terapiehajduk.cz\/index.php?rest_route=\/wp\/v2\/pages\/16\/revisions\/907"}],"wp:attachment":[{"href":"https:\/\/www.terapiehajduk.cz\/index.php?rest_route=%2Fwp%2Fv2%2Fmedia&parent=16"}],"curies":[{"name":"wp","href":"https:\/\/api.w.org\/{rel}","templated":true}]}}