{"id":33,"date":"2011-10-27T00:05:58","date_gmt":"2011-10-27T00:05:58","guid":{"rendered":"http:\/\/www.terapiehajduk.cz\/?page_id=33"},"modified":"2023-01-31T19:01:58","modified_gmt":"2023-01-31T19:01:58","slug":"ceho-lze-konstelacemi-dosahnout","status":"publish","type":"page","link":"https:\/\/www.terapiehajduk.cz\/?page_id=33","title":{"rendered":"\u010ceho lze konstelacemi dos\u00e1hnout"},"content":{"rendered":"<p><a href=\"https:\/\/www.terapiehajduk.cz\/?attachment_id=307\" rel=\"attachment wp-att-307\"><img decoding=\"async\" loading=\"lazy\" class=\"alignleft size-full wp-image-307\" title=\"imagesCAMXQR36\" src=\"https:\/\/www.terapiehajduk.cz\/wp-content\/uploads\/imagesCAMXQR36.jpg\" alt=\"\" width=\"224\" height=\"224\" srcset=\"https:\/\/www.terapiehajduk.cz\/wp-content\/uploads\/imagesCAMXQR36.jpg 224w, https:\/\/www.terapiehajduk.cz\/wp-content\/uploads\/imagesCAMXQR36-150x150.jpg 150w\" sizes=\"(max-width: 224px) 100vw, 224px\" \/><\/a>\u00da\u010dinek konstelac\u00ed m\u016f\u017eeme pozorovat na v\u00edce rovin\u00e1ch. Na racion\u00e1ln\u00ed \u00farovni m\u00e1me mo\u017enost nahl\u00ed\u017eet na situaci v rodin\u011b nebo v pr\u00e1ci z odstupu, uv\u011bdomit si a l\u00e9pe pochopit, co se v tom prost\u0159ed\u00ed d\u011blo, d\u011bje, jak se jednotliv\u00ed \u010dlenov\u00e9 syst\u00e9mu navz\u00e1jem k sob\u011b vztahuj\u00ed, na koho se zapom\u00edn\u00e1, kdo m\u00e1 m\u00e1lo pozornosti. V rovin\u011b emocion\u00e1ln\u00ed m\u00e1me mo\u017enost pro\u017eitkov\u011b reagovat na zm\u011bny v syst\u00e9mu p\u0159i hled\u00e1n\u00ed nejlep\u0161\u00ed pozice pro z\u00e1stupce, emo\u010dn\u011b se uvolnit, za\u017e\u00edt hlubok\u00e9 porozum\u011bn\u00ed a souzn\u011bn\u00ed, kdy z\u00e1stupci \u0159\u00edkaj\u00ed slova, kter\u00e1 jsme m\u011bli v sob\u011b hluboko zasunut\u00e1 a neum\u011bli jsme je vyj\u00e1d\u0159it. V\u00fdsledn\u00fd obraz konstelace n\u00e1m nab\u00edz\u00ed alternativn\u00ed obraz vnit\u0159n\u00ed reality, ve kter\u00e9 jsme doposud fungovali. D\u00edky konstelac\u00edm se n\u00e1m tak otev\u00edr\u00e1 mo\u017enost volby. A tak\u00e9 n\u00e1m pomohou l\u00e9pe p\u0159ijmout na\u0161i \u00a0minulost a na\u0161e bl\u00edzk\u00e9.<\/p>\n","protected":false},"excerpt":{"rendered":"<p>\u00da\u010dinek konstelac\u00ed m\u016f\u017eeme pozorovat na v\u00edce rovin\u00e1ch. Na racion\u00e1ln\u00ed \u00farovni m\u00e1me mo\u017enost nahl\u00ed\u017eet na situaci v rodin\u011b nebo v pr\u00e1ci z odstupu, uv\u011bdomit si a l\u00e9pe pochopit, co se v tom prost\u0159ed\u00ed d\u011blo, d\u011bje, jak se jednotliv\u00ed \u010dlenov\u00e9 syst\u00e9mu navz\u00e1jem k sob\u011b vztahuj\u00ed, na koho se zapom\u00edn\u00e1, kdo m\u00e1 m\u00e1lo pozornosti. V rovin\u011b emocion\u00e1ln\u00ed m\u00e1me [&hellip;]<\/p>\n","protected":false},"author":1,"featured_media":0,"parent":29,"menu_order":0,"comment_status":"closed","ping_status":"open","template":"","meta":[],"_links":{"self":[{"href":"https:\/\/www.terapiehajduk.cz\/index.php?rest_route=\/wp\/v2\/pages\/33"}],"collection":[{"href":"https:\/\/www.terapiehajduk.cz\/index.php?rest_route=\/wp\/v2\/pages"}],"about":[{"href":"https:\/\/www.terapiehajduk.cz\/index.php?rest_route=\/wp\/v2\/types\/page"}],"author":[{"embeddable":true,"href":"https:\/\/www.terapiehajduk.cz\/index.php?rest_route=\/wp\/v2\/users\/1"}],"replies":[{"embeddable":true,"href":"https:\/\/www.terapiehajduk.cz\/index.php?rest_route=%2Fwp%2Fv2%2Fcomments&post=33"}],"version-history":[{"count":7,"href":"https:\/\/www.terapiehajduk.cz\/index.php?rest_route=\/wp\/v2\/pages\/33\/revisions"}],"predecessor-version":[{"id":310,"href":"https:\/\/www.terapiehajduk.cz\/index.php?rest_route=\/wp\/v2\/pages\/33\/revisions\/310"}],"up":[{"embeddable":true,"href":"https:\/\/www.terapiehajduk.cz\/index.php?rest_route=\/wp\/v2\/pages\/29"}],"wp:attachment":[{"href":"https:\/\/www.terapiehajduk.cz\/index.php?rest_route=%2Fwp%2Fv2%2Fmedia&parent=33"}],"curies":[{"name":"wp","href":"https:\/\/api.w.org\/{rel}","templated":true}]}}