{"id":37,"date":"2011-10-27T00:07:00","date_gmt":"2011-10-27T00:07:00","guid":{"rendered":"http:\/\/www.terapiehajduk.cz\/?page_id=37"},"modified":"2023-01-31T19:01:58","modified_gmt":"2023-01-31T19:01:58","slug":"co-nabizim","status":"publish","type":"page","link":"https:\/\/www.terapiehajduk.cz\/?page_id=37","title":{"rendered":"Co nab\u00edz\u00edm"},"content":{"rendered":"<p><a href=\"https:\/\/www.terapiehajduk.cz\/?attachment_id=311\" rel=\"attachment wp-att-311\"><img decoding=\"async\" class=\"alignleft size-full wp-image-311\" title=\"mandala-tmavo modr\u00e11\" src=\"https:\/\/www.terapiehajduk.cz\/wp-content\/uploads\/mandala-tmavo-modr\u00e11.bmp\" alt=\"\" \/><\/a>V \u010dem jsem jin\u00fd jako des\u00edtky dal\u0161\u00edch konstel\u00e1\u0159\u016f v \u010cesk\u00e9 republice? Krom\u011b skute\u010dn\u011b odborn\u00e9ho a profesion\u00e1ln\u00edho lektorov\u00e1n\u00ed konstelac\u00ed (jsem spoluautorem prvn\u00ed odborn\u00e9 publikace v oboru konstelac\u00ed v republice a z\u00e1rove\u0148 p\u0159edsedou \u010cesk\u00e9 asociace systemick\u00fdch konstelac\u00ed), nab\u00edz\u00edm tak\u00e9 psychoterapeutickou odbornost a veden\u00ed. D\u00e1le doporu\u010duji minim\u00e1ln\u011b jedno terapeutick\u00e9 sezen\u00ed p\u0159ed vlastn\u00edm semin\u00e1\u0159em, na kter\u00e9m si m\u016f\u017eete l\u00e9pe ujasnit zak\u00e1zku pro stav\u011bn\u00ed, prodiskutovat d\u016fle\u017eit\u00e9 ot\u00e1zky z Va\u0161\u00ed rodov\u00e9 minulosti, p\u0159\u00edpadn\u011b zjistit, zda-li je V\u00e1\u0161 probl\u00e9m v\u016fbec vhodn\u00fd pro tento typ terapie a tak\u00e9 si ov\u011b\u0159it, jestli je V\u00e1\u0161 psychick\u00fd stav p\u0159im\u011b\u0159en\u00fd pro zvl\u00e1dnut\u00ed semin\u00e1\u0159e. Rodinn\u00e9 konstelace jsou silnou metodou, kter\u00e1 ve V\u00e1s m\u016f\u017ee vyvolat hodn\u011b intenzivn\u00edch emoc\u00ed, otev\u0159\u00edt star\u00e9 r\u00e1ny, vyn\u00e9st na sv\u011btlo sv\u011bta traumatick\u00e9 vztahy a situace. Pokud nem\u00e1te sv\u00e9ho psychoterapeuta, se kter\u00fdm m\u016f\u017eete v\u0161echny tyto vyvolan\u00e9 pro\u017eitky probrat a zpracovat, potom V\u00e1s m\u016f\u017ee jednor\u00e1zov\u00e9 absolvov\u00e1n\u00ed semin\u00e1\u0159e konstelac\u00ed emocion\u00e1ln\u011b zahltit a zm\u00e1st. Pro klienty, kte\u0159\u00ed si stav\u00ed vlastn\u00ed konstelaci, proto nab\u00edz\u00edm n\u00e1slednou psychoterapeutickou p\u00e9\u010di v po\u010dtu jednoho a v\u00edce sezen\u00ed. Absolvov\u00e1n\u00ed minim\u00e1ln\u011b jednoho sezen\u00ed, kter\u00e9 navazuje na pro\u017eitek ze semin\u00e1\u0159e, je podm\u00ednkou postaven\u00ed konstelace. Sezen\u00ed jsou zpoplatn\u011bna sazebn\u00edkem, kter\u00fd je uveden\u00fd na str\u00e1nk\u00e1ch.<\/p>\n<p>Pokud z n\u011bjak\u00e9ho d\u016fvodu je pro V\u00e1s nedostupn\u00e9 nebo nevhodn\u00e9 absolvovat skupinovou formu, je velmi dobrou a v n\u011bkter\u00fdch p\u0159\u00edpadech dokonce vhodn\u011bj\u0161\u00ed a efektivn\u011bj\u0161\u00ed alternativou absolvov\u00e1n\u00ed konstelace v individu\u00e1ln\u00ed terapeutick\u00e9 praxi za moji asistence, na co pot\u0159ebujeme v\u011bt\u0161inou 3 terapeutick\u00e9 hodiny (150 minut). Tento typ konstelace umo\u017e\u0148uje mnohem hloub\u011bji pracovat na rodov\u00fdch vzorc\u00edch, je intimn\u011bjs\u00ed, v t\u011b\u017ek\u00fdch t\u00e9matech i bezpe\u010dn\u011bj\u0161\u00ed, jeliko\u017e umo\u017e\u0148uje uvoln\u011bn\u00e9 emoce a informace okam\u017eit\u011b zpracovat. Bli\u017e\u0161\u00ed informace naleznete <span style=\"color: #0000ff;\"><a title=\"Individu\u00e1ln\u00ed konstelace\" href=\"https:\/\/www.terapiehajduk.cz\/?page_id=483\"><span style=\"color: #0000ff;\">zde<\/span><\/a><\/span>.<\/p>\n","protected":false},"excerpt":{"rendered":"<p>V \u010dem jsem jin\u00fd jako des\u00edtky dal\u0161\u00edch konstel\u00e1\u0159\u016f v \u010cesk\u00e9 republice? Krom\u011b skute\u010dn\u011b odborn\u00e9ho a profesion\u00e1ln\u00edho lektorov\u00e1n\u00ed konstelac\u00ed (jsem spoluautorem prvn\u00ed odborn\u00e9 publikace v oboru konstelac\u00ed v republice a z\u00e1rove\u0148 p\u0159edsedou \u010cesk\u00e9 asociace systemick\u00fdch konstelac\u00ed), nab\u00edz\u00edm tak\u00e9 psychoterapeutickou odbornost a veden\u00ed. D\u00e1le doporu\u010duji minim\u00e1ln\u011b jedno terapeutick\u00e9 sezen\u00ed p\u0159ed vlastn\u00edm semin\u00e1\u0159em, na kter\u00e9m si m\u016f\u017eete l\u00e9pe [&hellip;]<\/p>\n","protected":false},"author":1,"featured_media":0,"parent":29,"menu_order":0,"comment_status":"closed","ping_status":"open","template":"","meta":[],"_links":{"self":[{"href":"https:\/\/www.terapiehajduk.cz\/index.php?rest_route=\/wp\/v2\/pages\/37"}],"collection":[{"href":"https:\/\/www.terapiehajduk.cz\/index.php?rest_route=\/wp\/v2\/pages"}],"about":[{"href":"https:\/\/www.terapiehajduk.cz\/index.php?rest_route=\/wp\/v2\/types\/page"}],"author":[{"embeddable":true,"href":"https:\/\/www.terapiehajduk.cz\/index.php?rest_route=\/wp\/v2\/users\/1"}],"replies":[{"embeddable":true,"href":"https:\/\/www.terapiehajduk.cz\/index.php?rest_route=%2Fwp%2Fv2%2Fcomments&post=37"}],"version-history":[{"count":14,"href":"https:\/\/www.terapiehajduk.cz\/index.php?rest_route=\/wp\/v2\/pages\/37\/revisions"}],"predecessor-version":[{"id":499,"href":"https:\/\/www.terapiehajduk.cz\/index.php?rest_route=\/wp\/v2\/pages\/37\/revisions\/499"}],"up":[{"embeddable":true,"href":"https:\/\/www.terapiehajduk.cz\/index.php?rest_route=\/wp\/v2\/pages\/29"}],"wp:attachment":[{"href":"https:\/\/www.terapiehajduk.cz\/index.php?rest_route=%2Fwp%2Fv2%2Fmedia&parent=37"}],"curies":[{"name":"wp","href":"https:\/\/api.w.org\/{rel}","templated":true}]}}