{"id":42,"date":"2011-10-27T00:08:07","date_gmt":"2011-10-27T00:08:07","guid":{"rendered":"http:\/\/www.terapiehajduk.cz\/?page_id=42"},"modified":"2026-04-06T10:12:27","modified_gmt":"2026-04-06T10:12:27","slug":"kdy-a-kde","status":"publish","type":"page","link":"https:\/\/www.terapiehajduk.cz\/?page_id=42","title":{"rendered":"Kdy a kde"},"content":{"rendered":"<p style=\"text-align: left;\">Semin\u00e1\u0159e konstelac\u00ed prob\u00edhaj\u00ed v prostorech rehabilita\u010dn\u00edho centra Dayal na ulici Vy\u0161ehradsk\u00e1 1376, Praha 2, Nov\u00e9 M\u011bsto (2.patro).<\/p>\n<p>Nejbli\u017e\u0161\u00ed term\u00edn skupinov\u00fdch konstelac\u00ed bude <strong><span style=\"color: #ff0000;\">v ned\u011bli 3.kv\u011btna 2026 od 9:00 do cca 19:00.<\/span><\/strong><\/p>\n<p>P\u0159ihl\u00e1\u0161ky na m\u016fj Whatsapp (+420777659405).<\/p>\n<p>Platba na m\u00edst\u011b v hotovosti.<\/p>\n<p>V p\u0159\u00edpade, \u017ee byste necht\u011bli tak dlouho \u010dekat, nab\u00edz\u00edm i mo\u017enost konstelace v moji individu\u00e1ln\u00ed praxi. Zku\u0161enosti posledn\u00edch let ukazuj\u00ed , \u017ee takov\u00fd typ konstelace je velice \u00fa\u010dinn\u00fd, umo\u017e\u0148uje pracovat na mnohem hlub\u0161\u00edch \u00farovn\u00edch ne\u017e ve skupinov\u00e9 form\u011b, poskytuje spoustu uv\u011bdom\u011bn\u00ed rodov\u00fdch a individu\u00e1ln\u00edch vzorc\u016f a poskytuje mnohem v\u011bt\u0161\u00ed intimitu a pocit bezpe\u010d\u00ed. Z\u00e1rove\u0148 m\u00e1me dostatek \u010dasu na zpracov\u00e1n\u00ed dan\u00e9ho konstela\u010dn\u00edho pro\u017eitku. Bli\u017e\u0161\u00ed informace naleznete <span style=\"color: #0000ff;\"><a title=\"Individu\u00e1ln\u00ed konstelace\" href=\"https:\/\/www.terapiehajduk.cz\/?page_id=483\"><span style=\"color: #0000ff;\">zde<\/span><\/a><\/span>.<\/p>\n<div id=\"canvas_HA5obW\" class = \"gmsc\" style=\"width:450px; height:450px; clear:both; overflow:hidden; margin:10px auto;\"><\/div><script type=\"text\/javascript\">\nvar map_points_canvas_HA5obW =  new Array();\nmap_points_canvas_HA5obW[0] = \n{\"address\":\"Badeniho 290\/1, 160 00 Praha-Praha 6, Czech Republic\",\n\"lat\":\"50.0970272\",\n\"lng\":\"14.4077755\",\n\"info\":\"<div style='margin:0; padding:0px; height:125px; width:auto; overflow:hidden; font-size:11px; clear:both; line-height:13px;'><div style='float:left; width:200px'><a class='title' href='https:\/\/www.terapiehajduk.cz\/?page_id=42' style='clear:both; display:block; font-size:12px; line-height: 18px; font-weight:bold;'>Kdy a kde<\/a><div><strong style='font-size:9px'>Badeniho 290\/1, 160 00 Praha-Praha 6, Czech Republic<\/strong><\/div><div style='font-size:10px'>Semin\u00e1\u0159e konstelac\u00ed prob\u00edhaj\u00ed v prostorech rehabilita\u010dn\u00edho centra Dayal na ulici [...]<\/div><a href='https:\/\/www.terapiehajduk.cz\/?page_id=42' style='font-size:11px; float:left; display:block'>more &raquo;<\/a><img src='http:\/\/www.terapiehajduk.cz\/wp-content\/plugins\/google-map-shortcode\/images\/open.jpg' style='float: right; margin-right:5px'\/> <a href='http:\/\/maps.google.com\/?q=Badeniho+290%2F1%2C+160+00+Praha-Praha+6%2C+Czech+Republic' target='_blank' style='font-size:11px; float: right; display:block;'>Open Map<\/a><\/div><div style='float:left'><a title='https:\/\/www.terapiehajduk.cz\/?page_id=42' href='https:\/\/www.terapiehajduk.cz\/?page_id=42'><\/div><\/a><\/div>\",\n\"cat\":\"\",\n\"icon\":\"http:\/\/www.terapiehajduk.cz\/wp-content\/plugins\/google-map-shortcode\/images\/icons\/yoga.png\"};\nvar options_canvas_HA5obW = {\n'mapID':'map_canvas_HA5obW',\n'zoom':15,\n'markers':map_points_canvas_HA5obW,\n'mapContainer':'canvas_HA5obW',\n'focusType':'open',\n'type':'ROADMAP',\n'animateMarkers':1,\n'interval':'5000'\n};\nvar map_canvas_HA5obW = new gmshc.Map(options_canvas_HA5obW);\nvar trigger_canvas_HA5obW = function(){map_canvas_HA5obW.init()};\ngmshc.addLoadEvent(trigger_canvas_HA5obW);\n<\/script>\n\n","protected":false},"excerpt":{"rendered":"<p>Semin\u00e1\u0159e konstelac\u00ed prob\u00edhaj\u00ed v prostorech rehabilita\u010dn\u00edho centra Dayal na ulici Vy\u0161ehradsk\u00e1 1376, Praha 2, Nov\u00e9 M\u011bsto (2.patro). Nejbli\u017e\u0161\u00ed term\u00edn skupinov\u00fdch konstelac\u00ed bude v ned\u011bli 3.kv\u011btna 2026 od 9:00 do cca 19:00. P\u0159ihl\u00e1\u0161ky na m\u016fj Whatsapp (+420777659405). Platba na m\u00edst\u011b v hotovosti. V p\u0159\u00edpade, \u017ee byste necht\u011bli tak dlouho \u010dekat, nab\u00edz\u00edm i mo\u017enost konstelace v moji [&hellip;]<\/p>\n","protected":false},"author":1,"featured_media":0,"parent":29,"menu_order":0,"comment_status":"closed","ping_status":"open","template":"","meta":[],"_links":{"self":[{"href":"https:\/\/www.terapiehajduk.cz\/index.php?rest_route=\/wp\/v2\/pages\/42"}],"collection":[{"href":"https:\/\/www.terapiehajduk.cz\/index.php?rest_route=\/wp\/v2\/pages"}],"about":[{"href":"https:\/\/www.terapiehajduk.cz\/index.php?rest_route=\/wp\/v2\/types\/page"}],"author":[{"embeddable":true,"href":"https:\/\/www.terapiehajduk.cz\/index.php?rest_route=\/wp\/v2\/users\/1"}],"replies":[{"embeddable":true,"href":"https:\/\/www.terapiehajduk.cz\/index.php?rest_route=%2Fwp%2Fv2%2Fcomments&post=42"}],"version-history":[{"count":60,"href":"https:\/\/www.terapiehajduk.cz\/index.php?rest_route=\/wp\/v2\/pages\/42\/revisions"}],"predecessor-version":[{"id":908,"href":"https:\/\/www.terapiehajduk.cz\/index.php?rest_route=\/wp\/v2\/pages\/42\/revisions\/908"}],"up":[{"embeddable":true,"href":"https:\/\/www.terapiehajduk.cz\/index.php?rest_route=\/wp\/v2\/pages\/29"}],"wp:attachment":[{"href":"https:\/\/www.terapiehajduk.cz\/index.php?rest_route=%2Fwp%2Fv2%2Fmedia&parent=42"}],"curies":[{"name":"wp","href":"https:\/\/api.w.org\/{rel}","templated":true}]}}